{"id":5271,"date":"2025-04-29T12:20:11","date_gmt":"2025-04-29T09:20:11","guid":{"rendered":"https:\/\/eky-ry.fi\/?page_id=5271"},"modified":"2025-04-30T12:25:59","modified_gmt":"2025-04-30T09:25:59","slug":"opintojen-suorittaminen-ulkomailla-elainlaaketieteen-tiedekunnassa","status":"publish","type":"page","link":"https:\/\/eky-ry.fi\/index.php\/opintojen-suorittaminen-ulkomailla-elainlaaketieteen-tiedekunnassa","title":{"rendered":"Opintojen suorittaminen ulkomailla"},"content":{"rendered":"<div data-colibri-id=\"5271-c1\" class=\"style-5949 style-local-5271-c1 position-relative\">\r\n  <!---->\r\n  <div data-colibri-component=\"section\" data-colibri-id=\"5271-c2\" id=\"custom\" class=\"h-section h-section-global-spacing d-flex align-items-lg-center align-items-md-center align-items-center style-5954 style-local-5271-c2 position-relative\">\r\n    <!---->\r\n    <!---->\r\n    <div class=\"h-section-grid-container h-section-boxed-container\">\r\n      <!---->\r\n      <div data-colibri-id=\"5271-c3\" class=\"h-row-container gutters-row-lg-2 gutters-row-md-2 gutters-row-0 gutters-row-v-lg-2 gutters-row-v-md-2 gutters-row-v-2 style-5970 style-local-5271-c3 position-relative\">\r\n        <!---->\r\n        <div class=\"h-row justify-content-lg-center justify-content-md-center justify-content-center align-items-lg-stretch align-items-md-stretch align-items-stretch gutters-col-lg-2 gutters-col-md-2 gutters-col-0 gutters-col-v-lg-2 gutters-col-v-md-2 gutters-col-v-2\">\r\n          <!---->\r\n          <div class=\"h-column h-column-container d-flex h-col-lg-auto h-col-md-auto h-col-auto style-5971-outer style-local-5271-c4-outer\">\r\n            <div data-colibri-id=\"5271-c4\" class=\"d-flex h-flex-basis h-column__inner h-px-lg-2 h-px-md-2 h-px-2 v-inner-lg-2 v-inner-md-2 v-inner-2 style-5971 style-local-5271-c4 position-relative\">\r\n              <!---->\r\n              <!---->\r\n              <div class=\"w-100 h-y-container h-column__content h-column__v-align flex-basis-100 align-self-lg-start align-self-md-start align-self-start\">\r\n                <!---->\r\n                <div data-colibri-id=\"5271-c5\" class=\"page-title style-58 style-local-5271-c5 position-relative h-element\">\r\n                  <!---->\r\n                  <div class=\"h-page-title__outer style-58-outer style-local-5271-c5-outer\">\r\n                    <div class=\"h-global-transition-all\"><span><h2 style='margin-bottom:0'>Opintojen suorittaminen ulkomailla<\/h2><\/span><\/div>\r\n                  <\/div>\r\n                <\/div>\r\n              <\/div>\r\n            <\/div>\r\n          <\/div>\r\n        <\/div>\r\n      <\/div>\r\n      <div data-colibri-id=\"5271-c6\" class=\"h-row-container gutters-row-lg-2 gutters-row-md-2 gutters-row-0 gutters-row-v-lg-2 gutters-row-v-md-2 gutters-row-v-2 style-5955 style-local-5271-c6 position-relative\">\r\n        <!---->\r\n        <div class=\"h-row justify-content-lg-center justify-content-md-center justify-content-center align-items-lg-stretch align-items-md-stretch align-items-stretch gutters-col-lg-2 gutters-col-md-2 gutters-col-0 gutters-col-v-lg-2 gutters-col-v-md-2 gutters-col-v-2\">\r\n          <!---->\r\n          <div class=\"h-column h-column-container d-flex h-col-lg-auto h-col-md-auto h-col-auto style-5956-outer style-local-5271-c7-outer\">\r\n            <div data-colibri-id=\"5271-c7\" class=\"d-flex h-flex-basis h-column__inner h-px-lg-2 h-px-md-2 h-px-2 v-inner-lg-2 v-inner-md-2 v-inner-2 style-5956 style-local-5271-c7 position-relative\">\r\n              <!---->\r\n              <!---->\r\n              <div class=\"w-100 h-y-container h-column__content h-column__v-align flex-basis-100 align-self-lg-start align-self-md-start align-self-start\">\r\n                <!---->\r\n                <div data-colibri-id=\"5271-c8\" class=\"h-text h-text-component style-5958 style-local-5271-c8 position-relative h-element\">\r\n                  <!---->\r\n                  <!---->\r\n                  <div class=\"\">\r\n                    <p>Monien pakollisten kurssien takia el\u00e4inl\u00e4\u00e4kiksest\u00e4 ei ole yht\u00e4 helppoa l\u00e4hte\u00e4 vaihtoon kuin monista muista yliopistoista, mutta vaihto on kuitenkin hyv\u00e4 mahdollisuus, joka j\u00e4rjestyy my\u00f6s el\u00e4inl\u00e4\u00e4kiksess\u00e4 ja muutenkin opintoja on mahdollista\r\n                      suorittaa ulkomailla.<\/p>\r\n                    <p>Opintojen aikana voi l\u00e4hte\u00e4 lukukaudeksi, lukuvuodeksi tai lyhyemm\u00e4ksi ajaksi vaihtoon. My\u00f6s harkkaviikkoja, ulkopuolisia klinikkaviikkoja ja valinnaisia kursseja on mahdollista suorittaa ulkomailla, joten mielikuvitus on vain rajana,\r\n                      minne voi menn\u00e4.<\/p>\r\n                    <p>\r\n                      <br>\r\n                    <\/p>\r\n                    <p><strong>Milloin vaihtoon?<\/strong><\/p>\r\n                    <p>El\u00e4inl\u00e4\u00e4kiksest\u00e4 vaihtoon l\u00e4hteminen on helpointa klinikkavuoden, eli viidennen vuoden kev\u00e4\u00e4ll\u00e4 jolloin voi l\u00e4hte\u00e4 noin 2-3 kuukaudeksi toiseen yliopisto sairaalaan suorittamaan klinikkaviikko. Lis\u00e4ksi klinikkavaihtoon on my\u00f6s osaan\r\n                      kohteista mahdollista menn\u00e4 jo nelj\u00e4nnen ja viidenennen vuoden v\u00e4lisen\u00e4 kes\u00e4n\u00e4, jolloin vaihto on yleens\u00e4 muutaman viikon.<\/p>\r\n                    <p>My\u00f6s lukukausi tai lukuvuosi vaihtoon on mahdollista l\u00e4hte\u00e4. Valitettavasti kaikkia opintoja ei v\u00e4ltt\u00e4m\u00e4tt\u00e4 saa hyv\u00e4ksi luettua ja Suomessa v\u00e4liin j\u00e4\u00e4neit\u00e4 kursseja joutuu osan todenn\u00e4k\u00f6isesti tekem\u00e4\u00e4n seuraavana vuonna, joten voi\r\n                      joutua venytt\u00e4m\u00e4\u00e4n opintoja vuodella ja jatkamaan opintoja alemman vuosikurssin kanssa. Mit\u00e4 kursseja voi k\u00e4yd\u00e4 ja mitk\u00e4 saa hyv\u00e4ksi luettua riippuu kohdeyliopistosta, yleisesti ottaen kuitenkin toisen ja nelj\u00e4nnen vuoden kursseja\r\n                      voi saada jonkin verran hyv\u00e4ksi luettua. Joskus on ruotsissa pystynyt k\u00e4ym\u00e4\u00e4n toisen vuoden syksyn niin ett\u00e4 on saanut opinnot hyv\u00e4ksi luettua ilman ett\u00e4 pit\u00e4\u00e4 v\u00e4livuotta vaihdon takia, muuten lukukausi tai lukuvuosi vaihto yleens\u00e4\r\n                      tarkoittaa ett\u00e4 opinnot venyv\u00e4t vuodella.<\/p>\r\n                    <p>Helpoin siis l\u00e4hte\u00e4 klinikkavuonna ja tehd\u00e4 klinikkaviikkoja ulkomailla mutta koska vaan on mahdollista l\u00e4het\u00e4, paljonko siten saa hyv\u00e4ksi luettua niin vaihtelee.<\/p>\r\n                    <p>\r\n                      <br>\r\n                    <\/p>\r\n                    <p><strong>Minne vaihtoon?<\/strong><\/p>\r\n                    <p>Helsingin yliopistolla on yhteisty\u00f6 yliopistoja joiden kautta on helpoin l\u00e4hte\u00e4 vaihtoon. Mahdollista on my\u00f6s sopia vaihto suoraan kohde yliopiston kanssa itsen\u00e4isesti.<\/p>\r\n                    <p>Studies sivuilta l\u00f6ytyy lista Helsingin yliopiston vaihtokohteista, huomioi kuitenkin ett\u00e4 kaikkiin n\u00e4ihin ei ole mahdollista menn\u00e4 vaihtoon ja suorittaa el\u00e4inl\u00e4\u00e4ketieteen opintoja.<\/p>\r\n                    <p>Alla listaa minne el\u00e4inl\u00e4\u00e4kisvaihtoon on mahdollista l\u00e4hte\u00e4<\/p>\r\n                    <p>\u00b7 HY-yhteisty\u00f6 yliopistot: Pariisi, Saksa, Budapest, Norja, Utrecht, Barcelona, Uppsala, K\u00f6\u00f6penhamina, Liverpool, Bern, Zurich, Gent, taipei, sydney<\/p>\r\n                    <p>\u00b7 Lyhytvaihdot: Tarto, K\u00f6pis, Islanti, Latvia, Liettua<\/p>\r\n                    <p>\u00b7 Itsen\u00e4isesti haku, free mover<\/p>\r\n                    <p>\r\n                      <br>\r\n                    <\/p>\r\n                    <p><strong>Miten vaihtoon?<\/strong><\/p>\r\n                    <p>Tutustu ensin vaihtokohteisiin ja mieti minne ja milloin haluaisit l\u00e4hte\u00e4.<\/p>\r\n                    <p>Haku ajat ovat usein vuotta etuk\u00e4teen, mutta vaihtelee kohteesta. Osaan kaukomaa kohteista haku voi olla jo 1,5 vuotta etuk\u00e4teen. Joten varmista ajoissa milloin hakuaika on. Helsingin yliopiston p\u00e4\u00e4haku on lokakuussa ja helmikuussa.\r\n                      Helsingin yliopiston vaihtohaku tehd\u00e4\u00e4n mobility online hakuj\u00e4rjestelm\u00e4ss\u00e4. Hakua varten tarvitaan opintosuunnitelma, opintosuoritusote ja perustelukirje, sek\u00e4 osiin kohteista kielitaitotodistus.<\/p>\r\n                    <p>Muita mahdollisuuksia l\u00e4hte\u00e4 opintojen aikana ulkomaille?<\/p>\r\n                    <p>Jos vaihto kiinnostaa mutta ei kuitenkaan pidemm\u00e4ksi aikaa halua l\u00e4hte\u00e4 ulkomaille opiskelemaan on erilaisia mahdollisuuksia, jota kautta voi l\u00e4hte\u00e4 ulkomaille ja saada siit\u00e4 my\u00f6s opintopisteit\u00e4. Pakollisista harkoista ainakin maatilaharjoittelut\r\n                      ja lihantarkastusharjoittelu on mahdollista suorittaa ulkomailla. Lis\u00e4ksi sek\u00e4 kandidaatti vaiheen ett\u00e4 lisensiaatti vaiheen valinnaisiin opintoihin voi tehd\u00e4 kurssin valinnainen harjoittelu ulkomailla, jonka voi tehd\u00e4 oikeastaan\r\n                      ihan miss\u00e4 vaan paikassa, joka jotenkin liittyy el\u00e4inl\u00e4\u00e4ketieteeseen. Esim. l\u00e4hte\u00e4 tila tai tallihommiin, menn\u00e4 jonnekin el\u00e4inl\u00e4\u00e4k\u00e4rin matkaan mukaan tai Afrikkaan villiel\u00e4imi\u00e4 hoitamaan, muutama esimerkki mainitakseen. Lis\u00e4ksi vitosen\r\n                      vuoden klinikkaviikoista kaksi saa suoritta ulkopuolisena klinikkaviikkona, eli el\u00e4inl\u00e4\u00e4k\u00e4ri hommia voi menn\u00e4 tekem\u00e4\u00e4n minne vaan, huomioi kuitenkin ett\u00e4 pit\u00e4\u00e4 tehd\u00e4 yksi harjoitteluviikko kunnassa mik\u00e4li haluaa v\u00e4liaikaiset oikeudet.<\/p>\r\n                    <p>Lis\u00e4ksi IVSA j\u00e4rjest\u00e4\u00e4 vuosittain ryhm\u00e4vaihdon toisen el\u00e4inl\u00e4\u00e4kiksen kanssa, jossa menn\u00e4\u00e4n viikoksi vaihtokohteen yliopistoon vierailemaan, asutaan paikallisten opiskelijoiden luona, tutustutaan heid\u00e4n kouluun ja maahan. Vastaavasti\r\n                      vaihtokohteesta opiskelijat tulevat meille Suomeen vierailemaan viikoksi. N\u00e4m\u00e4 ovat aina olleet mukavia matkoja, jossa ollut paljon kivaa ohjelmaa ja on p\u00e4\u00e4ssyt tutustumaan kansainv\u00e4lisiin kollegoihin. IVSAn ryhm\u00e4vaihdot ovat yleens\u00e4\r\n                      olleet kev\u00e4\u00e4ll\u00e4 ja usein me Suomesta olemme matkanneet hiihtolomaviikolla vaihtokohteeseen. Ryhm\u00e4koko on ollut yleens\u00e4 10-15 henke\u00e4. T\u00e4st\u00e4 matalan kynnyksen lyhyest\u00e4 vaihdosta IVSA on yleens\u00e4 tiedottanut syyslukukauden loppupuolella.<\/p>\r\n                    <p>Vinkkej\u00e4 mist\u00e4 l\u00f6yt\u00e4\u00e4 harjoittelupaikkoja ulkomailta:<\/p>\r\n                    <p>&#8211; erilaisiin maatilahommiin voi l\u00f6yt\u00e4\u00e4 esim. workaway, worldpackers<\/p>\r\n                    <p>&#8211; jos el\u00e4inl\u00e4\u00e4k\u00e4rin matkaan haluaa niin l\u00f6ytyy paikallisen yhteistiedot usein netist\u00e4<\/p>\r\n                    <p>&#8211; villiel\u00e4in juttuja Afrikassa esim. Sympco, Live4now Wild Vets -&gt; huom tutustu perusteellisesti asiaan ennen l\u00e4ht\u00f6\u00e4 ett\u00e4 ei paikan p\u00e4\u00e4ll\u00e4 tule yll\u00e4tyksi\u00e4 kurssien sis\u00e4ll\u00f6st\u00e4 tai etiikasta<\/p>\r\n                    <p>&#8211; kirurgian leikkauskursseja: esim. WVS (Intia ja Thaimaa), neuterclinic.com (Espanja)<\/p>\r\n                    <p>Valinnaisen harjoittelun kurssit ovat kandivaiheen ELK-406 (1-6 op) ja lisensiaatti vaiheen ELL-453 (1-6 op). Opintopisteiden m\u00e4\u00e4r\u00e4 riippuu harjoittelun pituudesta, minimiss\u00e4\u00e4n harjoittelun tulee olla<\/p>\r\n                    <p>viikon mittainen. Yhdest\u00e4 viikosta saa 1,5 opintopistett\u00e4 (voi saada vain kokonaisia pistet\u00e4 joten viikosta saa 1op ja kahdesta viikosta saa 3 op). Kurssin voi suorittaa harjoitteluna useammassa eri paikkaa, joten voi hyvin tehd\u00e4 esim\r\n                      2 viikkoa yhdess\u00e4 paikkaa ja 2 viikkoa toisessa paikkaa.<\/p>\r\n                    <p>\r\n                      <br>\r\n                    <\/p>\r\n                    <p><strong>Miten rahoittaa opintohin liittyv\u00e4n ulkomaan matkan?&nbsp;<\/strong><\/p>\r\n                    <p>&#8211; Kelan tuet my\u00f6s ulkomailla (opintoraha, -laina, asumistuki) Erasmus (+) (yht 24 kk, 300-480e\/kk)<\/p>\r\n                    <p>&#8211; Nordplus ja Nordlys, North2North, Freemover, Lyhytkurssien apurahat<\/p>\r\n                    <p>&#8211; Suomen el\u00e4inl\u00e4\u00e4k\u00e4riliitto (max 500e, per matka, haettavissa useasti, yhteens\u00e4 max 700e per opiskelija)<\/p>\r\n                    <p>&#8211; Helsingin yliopiston rahastot (hakuj\u00e4rjestelm\u00e4 Aava (tammi-helmikuu), esim Uuno Toivonen Aukusti -apuraha)<\/p>\r\n                    <p>&#8211; Osakuntien stipendihaut (esim H\u00e4m\u00e4l\u00e4inen osakunta 950e, kerran kandi- ja lisurivaiheissa)<\/p>\r\n                    <p>&#8211; Nordean Pankin Maatalouss\u00e4\u00e4ti\u00f6n stipendit (500e)<\/p>\r\n                    <p>&#8211; HiLife lisensiaattity\u00f6lle (2000e\/kk + matkakulut)<\/p>\r\n                    <p>&#8211; Fulbright (USA) Ulkomaiset alaj\u00e4rjest\u00f6t (EAZA, BSAVA, WAVMA, jne)<\/p>\r\n                    <p>&#8211; Ulkomaiset scholarshipit<\/p>\r\n                    <p>&#8211; Huom: jos tulee valituksi Helsingin Yliopiston vaihtoon niin ainakin Euroopan Ulkopuolisiin kohteisiin saa automaattisesti (tai ainakin vuonna 2024 hakiessa, kannattaa varmistaa tiedot) matkaapurahan, jonka suuruus on noin 2200 euroa\r\n                      (kohteesta riippuen voi olla pienempi tai suurempi)<\/p>\r\n                    <p>\r\n                      <br>\r\n                    <\/p>\r\n                    <p><strong>Mist\u00e4 lis\u00e4tietoa?<\/strong><\/p>\r\n                    <p>&#8211; Jos haluaa jutella ihmisen kanssa joka on ollut pidemm\u00e4ss\u00e4 vaihdossa niin voi etsi\u00e4 Joanna Arkkilan vuosikurssilta C-79, mielell\u00e4ni kerron lis\u00e4\u00e4 ja vastaan kysymyksiin \ud83d\ude42 &#8211;<\/p>\r\n                    <p>&#8211; Mik\u00e4li suunnittelee l\u00e4htev\u00e4ns\u00e4 vaihtoon tai jokin vaihtoon liittyv\u00e4 asia mietitytt\u00e4\u00e4 kannattaa olla yhteydess\u00e4 Helsingin yliopiston vaihtokoordinaattoriin: studentexchange(at)helsinki.fi<\/p>\r\n                    <p>&#8211; IVSAn vaihtotietokanta, l\u00f6ytyy ivsa.fi j\u00e4sensivuilta (salasana l\u00e4hetet\u00e4\u00e4n kaikille IVSAn j\u00e4senille)<\/p>\r\n                    <p>\r\n                      <br>\r\n                    <\/p>\r\n                  <\/div>\r\n                <\/div>\r\n              <\/div>\r\n            <\/div>\r\n          <\/div>\r\n          <div class=\"h-column h-column-container d-flex h-col-lg-auto h-col-md-auto h-col-auto style-5957-outer style-local-5271-c9-outer\">\r\n            <div data-colibri-id=\"5271-c9\" class=\"d-flex h-flex-basis h-column__inner h-px-lg-2 h-px-md-2 h-px-2 v-inner-lg-2 v-inner-md-2 v-inner-2 style-5957 style-local-5271-c9 position-relative\">\r\n              <!---->\r\n              <!---->\r\n              <div class=\"w-100 h-y-container h-column__content h-column__v-align flex-basis-100 align-self-lg-start align-self-md-start align-self-start\">\r\n                <!---->\r\n                <div data-colibri-id=\"5271-c10\" class=\"h-global-transition-all h-heading style-5969 style-local-5271-c10 position-relative h-element\">\r\n                  <!---->\r\n                  <div class=\"h-heading__outer style-5969 style-local-5271-c10\">\r\n                    <!---->\r\n                    <!---->\r\n                    <h3 class=\"\">Hy\u00f6dyllisi\u00e4 linkkej\u00e4<\/h3>\r\n                  <\/div>\r\n                <\/div>\r\n                <div data-colibri-id=\"5271-c11\" class=\"h-x-container style-5965 style-local-5271-c11 position-relative h-element\">\r\n                  <!---->\r\n                  <div class=\"h-x-container-inner style-dynamic-5271-c11-group style-5965-spacing style-local-5271-c11-spacing\"><span class=\"h-link__outer style-5966-outer style-local-5271-c12-outer d-inline-flex h-element\"><a h-use-smooth-scroll=\"true\" href=\"https:\/\/studies.helsinki.fi\/ohjeet\/artikkeli\/haluatko-vaihtoon-aloita-tasta\" target=\"_blank\"  data-colibri-id=\"5271-c12\" class=\"d-flex w-100 align-items-center h-link style-5966 style-local-5271-c12 position-relative\"><!----><!----> <span>Yleist\u00e4 infoa vaihtoon l\u00e4hd\u00f6st\u00e4<\/span><\/a>\r\n                    <\/span>\r\n                  <\/div>\r\n                <\/div>\r\n                <div data-colibri-id=\"5271-c13\" class=\"h-x-container style-5967 style-local-5271-c13 position-relative h-element\">\r\n                  <!---->\r\n                  <div class=\"h-x-container-inner style-dynamic-5271-c13-group style-5967-spacing style-local-5271-c13-spacing\"><span class=\"h-link__outer style-5968-outer style-local-5271-c14-outer d-inline-flex h-element\"><a h-use-smooth-scroll=\"true\" href=\"https:\/\/studies.helsinki.fi\/ohjeet\/artikkeli\/kansainvalisyys-elainlaaketieteen-opinnoissa?check_logged_in=1\" target=\"_blank\"  data-colibri-id=\"5271-c14\" class=\"d-flex w-100 align-items-center h-link style-5968 style-local-5271-c14 position-relative\"><!----><!----> <span>Kansainv\u00e4lisyys el\u00e4inl\u00e4\u00e4ketieteen opinnoissa<\/span><\/a>\r\n                    <\/span>\r\n                  <\/div>\r\n                <\/div>\r\n                <div data-colibri-id=\"5271-c15\" class=\"h-x-container style-5959 style-local-5271-c15 position-relative h-element\">\r\n                  <!---->\r\n                  <div class=\"h-x-container-inner style-dynamic-5271-c15-group style-5959-spacing style-local-5271-c15-spacing\"><span class=\"h-link__outer style-5960-outer style-local-5271-c16-outer d-inline-flex h-element\"><a h-use-smooth-scroll=\"true\" href=\"https:\/\/studies.helsinki.fi\/ohjeet\/artikkeli\/vaihtokohteet-maailmalla\" target=\"_blank\"  data-colibri-id=\"5271-c16\" class=\"d-flex w-100 align-items-center h-link style-5960 style-local-5271-c16 position-relative\"><!----><!----> <span>Vaihtokohteet maailmalla<\/span><\/a>\r\n                    <\/span>\r\n                  <\/div>\r\n                <\/div>\r\n                <div data-colibri-id=\"5271-c17\" class=\"h-x-container style-5961 style-local-5271-c17 position-relative h-element\">\r\n                  <!---->\r\n                  <div class=\"h-x-container-inner style-dynamic-5271-c17-group style-5961-spacing style-local-5271-c17-spacing\"><span class=\"h-link__outer style-5962-outer style-local-5271-c18-outer d-inline-flex h-element\"><a h-use-smooth-scroll=\"true\" href=\"https:\/\/studies.helsinki.fi\/ohjeet\/artikkeli\/kansainvalisyys-elainlaaketieteen-opinnoissa?check_logged_in=1\" target=\"_blank\"  data-colibri-id=\"5271-c18\" class=\"d-flex w-100 align-items-center h-link style-5962 style-local-5271-c18 position-relative\"><!----><!----> <span>Tarkemmin vaihtokohteista<\/span><\/a>\r\n                    <\/span>\r\n                  <\/div>\r\n                <\/div>\r\n                <div data-colibri-id=\"5271-c19\" class=\"h-x-container style-5963 style-local-5271-c19 position-relative h-element\">\r\n                  <!---->\r\n                  <div class=\"h-x-container-inner style-dynamic-5271-c19-group style-5963-spacing style-local-5271-c19-spacing\"><span class=\"h-link__outer style-5964-outer style-local-5271-c20-outer d-inline-flex h-element\"><a h-use-smooth-scroll=\"true\" href=\"https:\/\/studies.helsinki.fi\/ohjeet\/artikkeli\/vaihdon-rahoitus\" target=\"_blank\"  data-colibri-id=\"5271-c20\" class=\"d-flex w-100 align-items-center h-link style-5964 style-local-5271-c20 position-relative\"><!----><!----> <span>Vaihdon rahoitus<\/span><\/a>\r\n                    <\/span>\r\n                  <\/div>\r\n                <\/div>\r\n                <div data-colibri-id=\"5271-c21\" class=\"d-block style-5973 style-local-5271-c21 position-relative h-element\">\r\n                  <!---->\r\n                  <div class=\"h-image__frame-container-outer\">\r\n                    <div class=\"h-image__frame-container\">\r\n                      <!---->\r\n                      <!---->\r\n                      <img loading=\"lazy\" decoding=\"async\" width=\"722\" height=\"419\" src=\"https:\/\/eky-ry.fi\/wp-content\/uploads\/2025\/04\/cropped-yliopisto-opinnot-ulkomailla-kuva1.muokattu.webp\" class=\"wp-image-5285 style-5973-image style-local-5271-c21-image\" alt=\"\" \/>\r\n                      <div class=\"h-image__frame h-hide-lg h-hide-md h-hide-sm style-5973-frameImage style-local-5271-c21-frameImage\"><\/div>\r\n                    <\/div>\r\n                  <\/div>\r\n                <\/div>\r\n                <div data-colibri-id=\"5271-c22\" class=\"d-block style-5974 style-local-5271-c22 position-relative h-element\">\r\n                  <!---->\r\n                  <div class=\"h-image__frame-container-outer\">\r\n                    <div class=\"h-image__frame-container\">\r\n                      <!---->\r\n                      <!---->\r\n                      <img loading=\"lazy\" decoding=\"async\" width=\"225\" height=\"225\" src=\"https:\/\/eky-ry.fi\/wp-content\/uploads\/2025\/04\/ivsa.jpg\" class=\"wp-image-5286 style-5974-image style-local-5271-c22-image\" alt=\"\" srcset=\"https:\/\/eky-ry.fi\/wp-content\/uploads\/2025\/04\/ivsa.jpg 225w, https:\/\/eky-ry.fi\/wp-content\/uploads\/2025\/04\/ivsa-150x150.jpg 150w\" sizes=\"auto, (max-width: 225px) 100vw, 225px\" \/>\r\n                      <div class=\"h-image__frame h-hide-lg h-hide-md h-hide-sm style-5974-frameImage style-local-5271-c22-frameImage\"><\/div>\r\n                    <\/div>\r\n                  <\/div>\r\n                <\/div>\r\n              <\/div>\r\n            <\/div>\r\n          <\/div>\r\n        <\/div>\r\n      <\/div>\r\n    <\/div>\r\n  <\/div>\r\n<\/div>","protected":false},"excerpt":{"rendered":"<p>Monien pakollisten kurssien takia el\u00e4inl\u00e4\u00e4kiksest\u00e4 ei ole yht\u00e4 helppoa l\u00e4hte\u00e4 vaihtoon kuin monista muista yliopistoista, mutta vaihto on kuitenkin hyv\u00e4 mahdollisuus, joka j\u00e4rjestyy my\u00f6s el\u00e4inl\u00e4\u00e4kiksess\u00e4 ja muutenkin opintoja on mahdollista suorittaa ulkomailla. Opintojen aikana voi l\u00e4hte\u00e4 lukukaudeksi, lukuvuodeksi tai lyhyemm\u00e4ksi ajaksi vaihtoon. My\u00f6s harkkaviikkoja, ulkopuolisia klinikkaviikkoja ja valinnaisia kursseja on mahdollista suorittaa ulkomailla, joten mielikuvitus [&hellip;]<\/p>\n","protected":false},"author":2,"featured_media":0,"parent":0,"menu_order":0,"comment_status":"closed","ping_status":"closed","template":"page-templates\/full-width-page.php","meta":{"footnotes":""},"class_list":["post-5271","page","type-page","status-publish","hentry"],"_links":{"self":[{"href":"https:\/\/eky-ry.fi\/index.php\/wp-json\/wp\/v2\/pages\/5271","targetHints":{"allow":["GET"]}}],"collection":[{"href":"https:\/\/eky-ry.fi\/index.php\/wp-json\/wp\/v2\/pages"}],"about":[{"href":"https:\/\/eky-ry.fi\/index.php\/wp-json\/wp\/v2\/types\/page"}],"author":[{"embeddable":true,"href":"https:\/\/eky-ry.fi\/index.php\/wp-json\/wp\/v2\/users\/2"}],"replies":[{"embeddable":true,"href":"https:\/\/eky-ry.fi\/index.php\/wp-json\/wp\/v2\/comments?post=5271"}],"version-history":[{"count":5,"href":"https:\/\/eky-ry.fi\/index.php\/wp-json\/wp\/v2\/pages\/5271\/revisions"}],"predecessor-version":[{"id":5301,"href":"https:\/\/eky-ry.fi\/index.php\/wp-json\/wp\/v2\/pages\/5271\/revisions\/5301"}],"wp:attachment":[{"href":"https:\/\/eky-ry.fi\/index.php\/wp-json\/wp\/v2\/media?parent=5271"}],"curies":[{"name":"wp","href":"https:\/\/api.w.org\/{rel}","templated":true}]}}